{"id":32,"date":"2024-12-05T18:48:59","date_gmt":"2024-12-05T18:48:59","guid":{"rendered":"https:\/\/ajaprevention.fr\/?page_id=32"},"modified":"2024-12-08T12:25:24","modified_gmt":"2024-12-08T11:25:24","slug":"projets","status":"publish","type":"page","link":"https:\/\/ajaprevention.fr\/?page_id=32","title":{"rendered":"Projets"},"content":{"rendered":"\t\t<div data-elementor-type=\"wp-page\" data-elementor-id=\"32\" class=\"elementor elementor-32\">\n\t\t\t\t<div class=\"elementor-element elementor-element-4c075332 e-flex e-con-boxed elementor-invisible e-con e-parent\" data-id=\"4c075332\" data-element_type=\"container\" data-e-type=\"container\" data-settings=\"{&quot;background_background&quot;:&quot;classic&quot;,&quot;animation&quot;:&quot;fadeIn&quot;}\">\n\t\t\t\t\t<div class=\"e-con-inner\">\n\t\t<div class=\"elementor-element elementor-element-6950fc14 e-con-full e-flex e-con e-child\" data-id=\"6950fc14\" data-element_type=\"container\" data-e-type=\"container\">\n\t\t\t\t<div class=\"elementor-element elementor-element-2c5de03c elementor-invisible elementor-widget elementor-widget-heading\" data-id=\"2c5de03c\" data-element_type=\"widget\" data-e-type=\"widget\" data-settings=\"{&quot;_animation&quot;:&quot;fadeIn&quot;}\" data-widget_type=\"heading.default\">\n\t\t\t\t<div class=\"elementor-widget-container\">\n\t\t\t\t\t<h2 class=\"elementor-heading-title elementor-size-default\"><span style=\"color :#c7d414\">Association<\/span> <span style=\"color :#e3092e\">Jeunesse <\/span> <span style=\"color :#ac4c97\">Avenir<\/span><\/h2>\t\t\t\t<\/div>\n\t\t\t\t<\/div>\n\t\t\t\t<div class=\"elementor-element elementor-element-483b807d elementor-widget elementor-widget-text-editor\" data-id=\"483b807d\" data-element_type=\"widget\" data-e-type=\"widget\" data-widget_type=\"text-editor.default\">\n\t\t\t\t<div class=\"elementor-widget-container\">\n\t\t\t\t\t\t\t\t\t<p>Des actions concr\u00e8tes pour b\u00e2tir un avenir meilleur pour la jeunesse.<\/p>\t\t\t\t\t\t\t\t<\/div>\n\t\t\t\t<\/div>\n\t\t\t\t<\/div>\n\t\t\t\t\t<\/div>\n\t\t\t\t<\/div>\n\t\t<div class=\"elementor-element elementor-element-5ab21d2 e-flex e-con-boxed elementor-invisible e-con e-parent\" data-id=\"5ab21d2\" data-element_type=\"container\" data-e-type=\"container\" data-settings=\"{&quot;animation&quot;:&quot;fadeIn&quot;}\">\n\t\t\t\t\t<div class=\"e-con-inner\">\n\t\t\t\t<div class=\"elementor-element elementor-element-a81138a elementor-widget elementor-widget-wp-widget-ocean_recent_posts\" data-id=\"a81138a\" data-element_type=\"widget\" data-e-type=\"widget\" data-widget_type=\"wp-widget-ocean_recent_posts.default\">\n\t\t\t\t<div class=\"elementor-widget-container\">\n\t\t\t\t\t\r\n\t\t\t\t<ul class=\"oceanwp-recent-posts clr\">\r\n\r\n\t\t\t\t\t\r\n\t\t\t\t\t\t\t<li class=\"clr\">\r\n\r\n\t\t\t\t\t\t\t\t\t\t\t\t\t\t\t\t\t<a href=\"https:\/\/ajaprevention.fr\/?p=525\" title=\"L\u2019AJA participe aux Jeux Olympiques de l\u2019\u00c9pinette\" class=\"recent-posts-thumbnail\">\r\n\t\t\t\t\t\t\t\t\t\t<img decoding=\"async\" width=\"150\" height=\"150\" src=\"https:\/\/ajaprevention.fr\/wp-content\/uploads\/2024\/12\/453209235_26290538663924563_38803793532392561_n-150x150.jpg\" class=\"attachment-thumbnail size-thumbnail wp-post-image\" alt=\"L\u2019AJA participe aux Jeux Olympiques de l\u2019\u00c9pinette\" itemprop=\"image\" \/>\r\n\t\t\t\t\t\t\t\t\t\t<span class=\"overlay\"><\/span>\r\n\t\t\t\t\t\t\t\t\t<\/a>\r\n\t\t\t\t\t\t\t\t\r\n\t\t\t\t\t\t\t\t<div class=\"recent-posts-details clr\">\r\n\r\n\t\t\t\t\t\t\t\t\t<div class=\"recent-posts-details-inner clr\">\r\n\r\n\t\t\t\t\t\t\t\t\t\t<a href=\"https:\/\/ajaprevention.fr\/?p=525\" class=\"recent-posts-title\">L\u2019AJA participe aux Jeux Olympiques de l\u2019\u00c9pinette<\/a>\r\n\r\n\t\t\t\t\t\t\t\t\t\t<div class=\"recent-posts-info clr\">\r\n\t\t\t\t\t\t\t\t\t\t\t<div class=\"recent-posts-date\">24 juillet 2024<span class=\"sep\">\/<\/span><\/div>\r\n\t\t\t\t\t\t\t\t\t\t\t<div class=\"recent-posts-comments\"><a href=\"https:\/\/ajaprevention.fr\/?p=525#respond\">0 commentaire<\/a><\/div>\r\n\t\t\t\t\t\t\t\t\t\t<\/div>\r\n\r\n\t\t\t\t\t\t\t\t\t<\/div>\r\n\r\n\t\t\t\t\t\t\t\t<\/div>\r\n\r\n\t\t\t\t\t\t\t<\/li>\r\n\r\n\t\t\t\t\t\t\r\n\t\t\t\t\t\t\t<li class=\"clr\">\r\n\r\n\t\t\t\t\t\t\t\t\t\t\t\t\t\t\t\t\t<a href=\"https:\/\/ajaprevention.fr\/?p=508\" title=\"Une journ\u00e9e riche en d\u00e9couvertes pour les jeunes en s\u00e9jour d\u00e9connect\u00e9\" class=\"recent-posts-thumbnail\">\r\n\t\t\t\t\t\t\t\t\t\t<img decoding=\"async\" width=\"150\" height=\"150\" src=\"https:\/\/ajaprevention.fr\/wp-content\/uploads\/2024\/12\/452518102_26223590627286034_328217076388154767_n-150x150.jpg\" class=\"attachment-thumbnail size-thumbnail wp-post-image\" alt=\"Une journ\u00e9e riche en d\u00e9couvertes pour les jeunes en s\u00e9jour d\u00e9connect\u00e9\" itemprop=\"image\" srcset=\"https:\/\/ajaprevention.fr\/wp-content\/uploads\/2024\/12\/452518102_26223590627286034_328217076388154767_n-150x150.jpg 150w, https:\/\/ajaprevention.fr\/wp-content\/uploads\/2024\/12\/452518102_26223590627286034_328217076388154767_n-600x600.jpg 600w\" sizes=\"(max-width: 150px) 100vw, 150px\" \/>\r\n\t\t\t\t\t\t\t\t\t\t<span class=\"overlay\"><\/span>\r\n\t\t\t\t\t\t\t\t\t<\/a>\r\n\t\t\t\t\t\t\t\t\r\n\t\t\t\t\t\t\t\t<div class=\"recent-posts-details clr\">\r\n\r\n\t\t\t\t\t\t\t\t\t<div class=\"recent-posts-details-inner clr\">\r\n\r\n\t\t\t\t\t\t\t\t\t\t<a href=\"https:\/\/ajaprevention.fr\/?p=508\" class=\"recent-posts-title\">Une journ\u00e9e riche en d\u00e9couvertes pour les jeunes en s\u00e9jour d\u00e9connect\u00e9<\/a>\r\n\r\n\t\t\t\t\t\t\t\t\t\t<div class=\"recent-posts-info clr\">\r\n\t\t\t\t\t\t\t\t\t\t\t<div class=\"recent-posts-date\">23 juillet 2024<span class=\"sep\">\/<\/span><\/div>\r\n\t\t\t\t\t\t\t\t\t\t\t<div class=\"recent-posts-comments\"><a href=\"https:\/\/ajaprevention.fr\/?p=508#respond\">0 commentaire<\/a><\/div>\r\n\t\t\t\t\t\t\t\t\t\t<\/div>\r\n\r\n\t\t\t\t\t\t\t\t\t<\/div>\r\n\r\n\t\t\t\t\t\t\t\t<\/div>\r\n\r\n\t\t\t\t\t\t\t<\/li>\r\n\r\n\t\t\t\t\t\t\r\n\t\t\t\t\t\t\t<li class=\"clr\">\r\n\r\n\t\t\t\t\t\t\t\t\t\t\t\t\t\t\t\t\t<a href=\"https:\/\/ajaprevention.fr\/?p=483\" title=\"Une premi\u00e8re journ\u00e9e bien remplie pour le s\u00e9jour d\u00e9connect\u00e9\" class=\"recent-posts-thumbnail\">\r\n\t\t\t\t\t\t\t\t\t\t<img decoding=\"async\" width=\"150\" height=\"150\" src=\"https:\/\/ajaprevention.fr\/wp-content\/uploads\/2024\/12\/452440418_26207864212192009_2225700516918214924_n-150x150.jpg\" class=\"attachment-thumbnail size-thumbnail wp-post-image\" alt=\"Une premi\u00e8re journ\u00e9e bien remplie pour le s\u00e9jour d\u00e9connect\u00e9\" itemprop=\"image\" srcset=\"https:\/\/ajaprevention.fr\/wp-content\/uploads\/2024\/12\/452440418_26207864212192009_2225700516918214924_n-150x150.jpg 150w, https:\/\/ajaprevention.fr\/wp-content\/uploads\/2024\/12\/452440418_26207864212192009_2225700516918214924_n-600x600.jpg 600w\" sizes=\"(max-width: 150px) 100vw, 150px\" \/>\r\n\t\t\t\t\t\t\t\t\t\t<span class=\"overlay\"><\/span>\r\n\t\t\t\t\t\t\t\t\t<\/a>\r\n\t\t\t\t\t\t\t\t\r\n\t\t\t\t\t\t\t\t<div class=\"recent-posts-details clr\">\r\n\r\n\t\t\t\t\t\t\t\t\t<div class=\"recent-posts-details-inner clr\">\r\n\r\n\t\t\t\t\t\t\t\t\t\t<a href=\"https:\/\/ajaprevention.fr\/?p=483\" class=\"recent-posts-title\">Une premi\u00e8re journ\u00e9e bien remplie pour le s\u00e9jour d\u00e9connect\u00e9<\/a>\r\n\r\n\t\t\t\t\t\t\t\t\t\t<div class=\"recent-posts-info clr\">\r\n\t\t\t\t\t\t\t\t\t\t\t<div class=\"recent-posts-date\">22 juillet 2024<span class=\"sep\">\/<\/span><\/div>\r\n\t\t\t\t\t\t\t\t\t\t\t<div class=\"recent-posts-comments\"><a href=\"https:\/\/ajaprevention.fr\/?p=483#respond\">0 commentaire<\/a><\/div>\r\n\t\t\t\t\t\t\t\t\t\t<\/div>\r\n\r\n\t\t\t\t\t\t\t\t\t<\/div>\r\n\r\n\t\t\t\t\t\t\t\t<\/div>\r\n\r\n\t\t\t\t\t\t\t<\/li>\r\n\r\n\t\t\t\t\t\t\r\n\t\t\t\t\t\t\t<li class=\"clr\">\r\n\r\n\t\t\t\t\t\t\t\t\t\t\t\t\t\t\t\t\t<a href=\"https:\/\/ajaprevention.fr\/?p=470\" title=\"Bien arriv\u00e9 au g\u00eete des 4 Temps d&rsquo;Autrans M\u00e9audre pour un s\u00e9jour d\u00e9connect\u00e9\" class=\"recent-posts-thumbnail\">\r\n\t\t\t\t\t\t\t\t\t\t<img loading=\"lazy\" decoding=\"async\" width=\"150\" height=\"150\" src=\"https:\/\/ajaprevention.fr\/wp-content\/uploads\/2024\/12\/452170364_26199505729694524_2374944185771898650_n-150x150.jpg\" class=\"attachment-thumbnail size-thumbnail wp-post-image\" alt=\"Bien arriv\u00e9 au g\u00eete des 4 Temps d&rsquo;Autrans M\u00e9audre pour un s\u00e9jour d\u00e9connect\u00e9\" itemprop=\"image\" \/>\r\n\t\t\t\t\t\t\t\t\t\t<span class=\"overlay\"><\/span>\r\n\t\t\t\t\t\t\t\t\t<\/a>\r\n\t\t\t\t\t\t\t\t\r\n\t\t\t\t\t\t\t\t<div class=\"recent-posts-details clr\">\r\n\r\n\t\t\t\t\t\t\t\t\t<div class=\"recent-posts-details-inner clr\">\r\n\r\n\t\t\t\t\t\t\t\t\t\t<a href=\"https:\/\/ajaprevention.fr\/?p=470\" class=\"recent-posts-title\">Bien arriv\u00e9 au g\u00eete des 4 Temps d&rsquo;Autrans M\u00e9audre pour un s\u00e9jour d\u00e9connect\u00e9<\/a>\r\n\r\n\t\t\t\t\t\t\t\t\t\t<div class=\"recent-posts-info clr\">\r\n\t\t\t\t\t\t\t\t\t\t\t<div class=\"recent-posts-date\">21 juillet 2024<span class=\"sep\">\/<\/span><\/div>\r\n\t\t\t\t\t\t\t\t\t\t\t<div class=\"recent-posts-comments\"><a href=\"https:\/\/ajaprevention.fr\/?p=470#respond\">0 commentaire<\/a><\/div>\r\n\t\t\t\t\t\t\t\t\t\t<\/div>\r\n\r\n\t\t\t\t\t\t\t\t\t<\/div>\r\n\r\n\t\t\t\t\t\t\t\t<\/div>\r\n\r\n\t\t\t\t\t\t\t<\/li>\r\n\r\n\t\t\t\t\t\t\r\n\t\t\t\t\t\t\t<li class=\"clr\">\r\n\r\n\t\t\t\t\t\t\t\t\t\t\t\t\t\t\t\t\t<a href=\"https:\/\/ajaprevention.fr\/?p=416\" title=\"La colonie de vacances, ce sera sans t\u00e9l\u00e9phone pour ces vingt ados\" class=\"recent-posts-thumbnail\">\r\n\t\t\t\t\t\t\t\t\t\t<img loading=\"lazy\" decoding=\"async\" width=\"150\" height=\"150\" src=\"https:\/\/ajaprevention.fr\/wp-content\/uploads\/2024\/12\/21681373-150x150.jpeg\" class=\"attachment-thumbnail size-thumbnail wp-post-image\" alt=\"La colonie de vacances, ce sera sans t\u00e9l\u00e9phone pour ces vingt ados\" itemprop=\"image\" \/>\r\n\t\t\t\t\t\t\t\t\t\t<span class=\"overlay\"><\/span>\r\n\t\t\t\t\t\t\t\t\t<\/a>\r\n\t\t\t\t\t\t\t\t\r\n\t\t\t\t\t\t\t\t<div class=\"recent-posts-details clr\">\r\n\r\n\t\t\t\t\t\t\t\t\t<div class=\"recent-posts-details-inner clr\">\r\n\r\n\t\t\t\t\t\t\t\t\t\t<a href=\"https:\/\/ajaprevention.fr\/?p=416\" class=\"recent-posts-title\">La colonie de vacances, ce sera sans t\u00e9l\u00e9phone pour ces vingt ados<\/a>\r\n\r\n\t\t\t\t\t\t\t\t\t\t<div class=\"recent-posts-info clr\">\r\n\t\t\t\t\t\t\t\t\t\t\t<div class=\"recent-posts-date\">19 juillet 2024<span class=\"sep\">\/<\/span><\/div>\r\n\t\t\t\t\t\t\t\t\t\t\t<div class=\"recent-posts-comments\"><a href=\"https:\/\/ajaprevention.fr\/?p=416#respond\">0 commentaire<\/a><\/div>\r\n\t\t\t\t\t\t\t\t\t\t<\/div>\r\n\r\n\t\t\t\t\t\t\t\t\t<\/div>\r\n\r\n\t\t\t\t\t\t\t\t<\/div>\r\n\r\n\t\t\t\t\t\t\t<\/li>\r\n\r\n\t\t\t\t\t\t\r\n\t\t\t\t\t\r\n\t\t\t\t<\/ul>\r\n\r\n\t\t\t\t\r\n\t\t\t\t\t\t\t<\/div>\n\t\t\t\t<\/div>\n\t\t\t\t\t<\/div>\n\t\t\t\t<\/div>\n\t\t\t\t<\/div>\n\t\t","protected":false},"excerpt":{"rendered":"<p>Association Jeunesse Avenir Des actions concr\u00e8tes pour b\u00e2tir un avenir meilleur pour la jeunesse.<\/p>\n","protected":false},"author":1,"featured_media":0,"parent":0,"menu_order":0,"comment_status":"closed","ping_status":"closed","template":"","meta":{"ocean_post_layout":"","ocean_both_sidebars_style":"","ocean_both_sidebars_content_width":0,"ocean_both_sidebars_sidebars_width":0,"ocean_sidebar":"","ocean_second_sidebar":"","ocean_disable_margins":"enable","ocean_add_body_class":"","ocean_shortcode_before_top_bar":"","ocean_shortcode_after_top_bar":"","ocean_shortcode_before_header":"","ocean_shortcode_after_header":"","ocean_has_shortcode":"","ocean_shortcode_after_title":"","ocean_shortcode_before_footer_widgets":"","ocean_shortcode_after_footer_widgets":"","ocean_shortcode_before_footer_bottom":"","ocean_shortcode_after_footer_bottom":"","ocean_display_top_bar":"default","ocean_display_header":"default","ocean_header_style":"","ocean_center_header_left_menu":"","ocean_custom_header_template":"","ocean_custom_logo":0,"ocean_custom_retina_logo":0,"ocean_custom_logo_max_width":0,"ocean_custom_logo_tablet_max_width":0,"ocean_custom_logo_mobile_max_width":0,"ocean_custom_logo_max_height":0,"ocean_custom_logo_tablet_max_height":0,"ocean_custom_logo_mobile_max_height":0,"ocean_header_custom_menu":"","ocean_menu_typo_font_family":"","ocean_menu_typo_font_subset":"","ocean_menu_typo_font_size":0,"ocean_menu_typo_font_size_tablet":0,"ocean_menu_typo_font_size_mobile":0,"ocean_menu_typo_font_size_unit":"px","ocean_menu_typo_font_weight":"","ocean_menu_typo_font_weight_tablet":"","ocean_menu_typo_font_weight_mobile":"","ocean_menu_typo_transform":"","ocean_menu_typo_transform_tablet":"","ocean_menu_typo_transform_mobile":"","ocean_menu_typo_line_height":0,"ocean_menu_typo_line_height_tablet":0,"ocean_menu_typo_line_height_mobile":0,"ocean_menu_typo_line_height_unit":"","ocean_menu_typo_spacing":0,"ocean_menu_typo_spacing_tablet":0,"ocean_menu_typo_spacing_mobile":0,"ocean_menu_typo_spacing_unit":"","ocean_menu_link_color":"","ocean_menu_link_color_hover":"","ocean_menu_link_color_active":"","ocean_menu_link_background":"","ocean_menu_link_hover_background":"","ocean_menu_link_active_background":"","ocean_menu_social_links_bg":"","ocean_menu_social_hover_links_bg":"","ocean_menu_social_links_color":"","ocean_menu_social_hover_links_color":"","ocean_disable_title":"default","ocean_disable_heading":"default","ocean_post_title":"","ocean_post_subheading":"","ocean_post_title_style":"","ocean_post_title_background_color":"","ocean_post_title_background":0,"ocean_post_title_bg_image_position":"","ocean_post_title_bg_image_attachment":"","ocean_post_title_bg_image_repeat":"","ocean_post_title_bg_image_size":"","ocean_post_title_height":0,"ocean_post_title_bg_overlay":0.5,"ocean_post_title_bg_overlay_color":"","ocean_disable_breadcrumbs":"default","ocean_breadcrumbs_color":"","ocean_breadcrumbs_separator_color":"","ocean_breadcrumbs_links_color":"","ocean_breadcrumbs_links_hover_color":"","ocean_display_footer_widgets":"default","ocean_display_footer_bottom":"default","ocean_custom_footer_template":"","footnotes":""},"class_list":["post-32","page","type-page","status-publish","hentry","entry","has-media"],"yoast_head":"<!-- This site is optimized with the Yoast SEO plugin v27.3 - https:\/\/yoast.com\/product\/yoast-seo-wordpress\/ -->\n<title>Projets - Association Jeunesse Avenir<\/title>\n<meta name=\"robots\" content=\"index, follow, max-snippet:-1, max-image-preview:large, max-video-preview:-1\" \/>\n<link rel=\"canonical\" href=\"https:\/\/ajaprevention.fr\/?page_id=32\" \/>\n<meta property=\"og:locale\" content=\"fr_FR\" \/>\n<meta property=\"og:type\" content=\"article\" \/>\n<meta property=\"og:title\" content=\"Projets - Association Jeunesse Avenir\" \/>\n<meta property=\"og:description\" content=\"Association Jeunesse Avenir Des actions concr\u00e8tes pour b\u00e2tir un avenir meilleur pour la jeunesse.\" \/>\n<meta property=\"og:url\" content=\"https:\/\/ajaprevention.fr\/?page_id=32\" \/>\n<meta property=\"og:site_name\" content=\"Association Jeunesse Avenir\" \/>\n<meta property=\"article:modified_time\" content=\"2024-12-08T11:25:24+00:00\" \/>\n<meta name=\"twitter:card\" content=\"summary_large_image\" \/>\n<meta name=\"twitter:label1\" content=\"Dur\u00e9e de lecture estim\u00e9e\" \/>\n\t<meta name=\"twitter:data1\" content=\"2 minutes\" \/>\n<script type=\"application\/ld+json\" class=\"yoast-schema-graph\">{\"@context\":\"https:\\\/\\\/schema.org\",\"@graph\":[{\"@type\":\"WebPage\",\"@id\":\"https:\\\/\\\/ajaprevention.fr\\\/?page_id=32\",\"url\":\"https:\\\/\\\/ajaprevention.fr\\\/?page_id=32\",\"name\":\"Projets - Association Jeunesse Avenir\",\"isPartOf\":{\"@id\":\"https:\\\/\\\/ajaprevention.fr\\\/#website\"},\"datePublished\":\"2024-12-05T18:48:59+00:00\",\"dateModified\":\"2024-12-08T11:25:24+00:00\",\"breadcrumb\":{\"@id\":\"https:\\\/\\\/ajaprevention.fr\\\/?page_id=32#breadcrumb\"},\"inLanguage\":\"fr-FR\",\"potentialAction\":[{\"@type\":\"ReadAction\",\"target\":[\"https:\\\/\\\/ajaprevention.fr\\\/?page_id=32\"]}]},{\"@type\":\"BreadcrumbList\",\"@id\":\"https:\\\/\\\/ajaprevention.fr\\\/?page_id=32#breadcrumb\",\"itemListElement\":[{\"@type\":\"ListItem\",\"position\":1,\"name\":\"Accueil\",\"item\":\"https:\\\/\\\/ajaprevention.fr\\\/\"},{\"@type\":\"ListItem\",\"position\":2,\"name\":\"Projets\"}]},{\"@type\":\"WebSite\",\"@id\":\"https:\\\/\\\/ajaprevention.fr\\\/#website\",\"url\":\"https:\\\/\\\/ajaprevention.fr\\\/\",\"name\":\"Association Jeunesse Avenir\",\"description\":\"Association Jeunesse Avenir\",\"publisher\":{\"@id\":\"https:\\\/\\\/ajaprevention.fr\\\/#organization\"},\"potentialAction\":[{\"@type\":\"SearchAction\",\"target\":{\"@type\":\"EntryPoint\",\"urlTemplate\":\"https:\\\/\\\/ajaprevention.fr\\\/?s={search_term_string}\"},\"query-input\":{\"@type\":\"PropertyValueSpecification\",\"valueRequired\":true,\"valueName\":\"search_term_string\"}}],\"inLanguage\":\"fr-FR\"},{\"@type\":\"Organization\",\"@id\":\"https:\\\/\\\/ajaprevention.fr\\\/#organization\",\"name\":\"Association Jeunesse Avenir\",\"url\":\"https:\\\/\\\/ajaprevention.fr\\\/\",\"logo\":{\"@type\":\"ImageObject\",\"inLanguage\":\"fr-FR\",\"@id\":\"https:\\\/\\\/ajaprevention.fr\\\/#\\\/schema\\\/logo\\\/image\\\/\",\"url\":\"https:\\\/\\\/ajaprevention.fr\\\/wp-content\\\/uploads\\\/2024\\\/11\\\/cropped-cropped-logo-AJA-1.png\",\"contentUrl\":\"https:\\\/\\\/ajaprevention.fr\\\/wp-content\\\/uploads\\\/2024\\\/11\\\/cropped-cropped-logo-AJA-1.png\",\"width\":512,\"height\":512,\"caption\":\"Association Jeunesse Avenir\"},\"image\":{\"@id\":\"https:\\\/\\\/ajaprevention.fr\\\/#\\\/schema\\\/logo\\\/image\\\/\"}}]}<\/script>\n<!-- \/ Yoast SEO plugin. -->","yoast_head_json":{"title":"Projets - Association Jeunesse Avenir","robots":{"index":"index","follow":"follow","max-snippet":"max-snippet:-1","max-image-preview":"max-image-preview:large","max-video-preview":"max-video-preview:-1"},"canonical":"https:\/\/ajaprevention.fr\/?page_id=32","og_locale":"fr_FR","og_type":"article","og_title":"Projets - Association Jeunesse Avenir","og_description":"Association Jeunesse Avenir Des actions concr\u00e8tes pour b\u00e2tir un avenir meilleur pour la jeunesse.","og_url":"https:\/\/ajaprevention.fr\/?page_id=32","og_site_name":"Association Jeunesse Avenir","article_modified_time":"2024-12-08T11:25:24+00:00","twitter_card":"summary_large_image","twitter_misc":{"Dur\u00e9e de lecture estim\u00e9e":"2 minutes"},"schema":{"@context":"https:\/\/schema.org","@graph":[{"@type":"WebPage","@id":"https:\/\/ajaprevention.fr\/?page_id=32","url":"https:\/\/ajaprevention.fr\/?page_id=32","name":"Projets - Association Jeunesse Avenir","isPartOf":{"@id":"https:\/\/ajaprevention.fr\/#website"},"datePublished":"2024-12-05T18:48:59+00:00","dateModified":"2024-12-08T11:25:24+00:00","breadcrumb":{"@id":"https:\/\/ajaprevention.fr\/?page_id=32#breadcrumb"},"inLanguage":"fr-FR","potentialAction":[{"@type":"ReadAction","target":["https:\/\/ajaprevention.fr\/?page_id=32"]}]},{"@type":"BreadcrumbList","@id":"https:\/\/ajaprevention.fr\/?page_id=32#breadcrumb","itemListElement":[{"@type":"ListItem","position":1,"name":"Accueil","item":"https:\/\/ajaprevention.fr\/"},{"@type":"ListItem","position":2,"name":"Projets"}]},{"@type":"WebSite","@id":"https:\/\/ajaprevention.fr\/#website","url":"https:\/\/ajaprevention.fr\/","name":"Association Jeunesse Avenir","description":"Association Jeunesse Avenir","publisher":{"@id":"https:\/\/ajaprevention.fr\/#organization"},"potentialAction":[{"@type":"SearchAction","target":{"@type":"EntryPoint","urlTemplate":"https:\/\/ajaprevention.fr\/?s={search_term_string}"},"query-input":{"@type":"PropertyValueSpecification","valueRequired":true,"valueName":"search_term_string"}}],"inLanguage":"fr-FR"},{"@type":"Organization","@id":"https:\/\/ajaprevention.fr\/#organization","name":"Association Jeunesse Avenir","url":"https:\/\/ajaprevention.fr\/","logo":{"@type":"ImageObject","inLanguage":"fr-FR","@id":"https:\/\/ajaprevention.fr\/#\/schema\/logo\/image\/","url":"https:\/\/ajaprevention.fr\/wp-content\/uploads\/2024\/11\/cropped-cropped-logo-AJA-1.png","contentUrl":"https:\/\/ajaprevention.fr\/wp-content\/uploads\/2024\/11\/cropped-cropped-logo-AJA-1.png","width":512,"height":512,"caption":"Association Jeunesse Avenir"},"image":{"@id":"https:\/\/ajaprevention.fr\/#\/schema\/logo\/image\/"}}]}},"_links":{"self":[{"href":"https:\/\/ajaprevention.fr\/index.php?rest_route=\/wp\/v2\/pages\/32","targetHints":{"allow":["GET"]}}],"collection":[{"href":"https:\/\/ajaprevention.fr\/index.php?rest_route=\/wp\/v2\/pages"}],"about":[{"href":"https:\/\/ajaprevention.fr\/index.php?rest_route=\/wp\/v2\/types\/page"}],"author":[{"embeddable":true,"href":"https:\/\/ajaprevention.fr\/index.php?rest_route=\/wp\/v2\/users\/1"}],"replies":[{"embeddable":true,"href":"https:\/\/ajaprevention.fr\/index.php?rest_route=%2Fwp%2Fv2%2Fcomments&post=32"}],"version-history":[{"count":34,"href":"https:\/\/ajaprevention.fr\/index.php?rest_route=\/wp\/v2\/pages\/32\/revisions"}],"predecessor-version":[{"id":538,"href":"https:\/\/ajaprevention.fr\/index.php?rest_route=\/wp\/v2\/pages\/32\/revisions\/538"}],"wp:attachment":[{"href":"https:\/\/ajaprevention.fr\/index.php?rest_route=%2Fwp%2Fv2%2Fmedia&parent=32"}],"curies":[{"name":"wp","href":"https:\/\/api.w.org\/{rel}","templated":true}]}}